en 41 is divided by 28.
13
What is the remainder when 578 is divided by 229?
120
Calculate the remainder when 1291 is divided by 188.
163
Calculate the remainder when 938 is divided by 78.
2
Calculate the remainder when 83 is divided by 21.
20
What is the remainder when 402 is divided by 15?
12
What is the remainder when 357 is divided by 116?
9
Calculate the remainder when 104 is divided by 22.
16
Calculate the remainder when 844 is divided by 206.
20
Calculate the remainder when 131 is divided by 7.
5
What is the remainder when 320 is divided by 14?
12
Calculate the remainder when 2084 is divided by 1017.
50
Calculate the remainder when 319 is divided by 46.
43
Calculate the remainder when 1053 is divided by 177.
168
What is the remainder when 135 is divided by 39?
18
Calculate the remainder when 1031 is divided by 18.
5
What is the remainder when 218 is divided by 107?
4
Calculate the remainder when 2922 is divided by 22.
18
What is the remainder when 106 is divided by 54?
52
What is the remainder when 3788 is divided by 223?
220
Calculate the remainder when 593 is divided by 15.
8
Calculate the remainder when 65 is divided by 24.
17
What is the remainder when 1286 is divided by 91?
12
Calculate the remainder when 1122 is divided by 227.
214
Calculate the remainder when 135 is divided by 40.
15
What is the remainder when 756 is divided by 99?
63
What is the remainder when 2939 is divided by 105?
104
What is the remainder when 793 is divided by 110?
23
Calculate the remainder when 1644 is divided by 9.
6
Calculate the remainder when 894 is divided by 68.
10
What is the remainder when 303 is divided by 61?
59
Calculate the remainder when 274 is divided by 124.
26
What is the remainder when 41 is divided by 40?
1
What is the remainder when 548 is divided by 89?
14
Calculate the remainder when 1692 is divided by 81.
72
Calculate the remainder when 107 is divided by 28.
23
What is the remainder when 792 is divided by 13?
12
Calculate the remainder when 1605 is divided by 4.
1
Calculate the remainder when 415 is divided by 30.
25
Calculate the remainder when 355 is divided by 91.
82
What is the remainder when 191 is divided by 32?
31
What is the remainder when 987 is divided by 95?
37
Calculate the remainder when 406 is divided by 82.
78
Calculate the remainder when 845 is divided by 53.
50
Calculate the remainder when 165 is divided by 45.
30
What is the remainder when 236 is divided by 24?
20
Calculate the remainder when 105 is divided by 12.
9
What is the remainder when 69 is divided by 12?
9
What is the remainder when 1818 is divided by 452?
10
What is the remainder when 279 is divided by 85?
24
What is the remainder when 149 is divided by 41?
26
Calculate the remainder when 1157 is divided by 8.
5
What is the remainder when 1031 is divided by 47?
44
What is the remainder when 1040 is divided by 25?
15
Calculate the remainder when 2753 is divided by 26.
23
What is the remainder when 1955 is divided by 4?
3
Calculate the remainder when 7386 is divided by 14.
8
What is the remainder when 1325 is divided by 260?
25
Calculate the remainder when 647 is divided by 26.
23
What is the remainder when 1418 is divided by 79?
75
Calculate the remainder when 38 is divided by 26.
12
Calculate the remainder when 22 is divided by 15.
7
Calculate the remainder when 58 is divided by 10.
8
Calculate the remainder when 254 is divided by 28.
2
Calculate the remainder when 15807 is divided by 30.
27
What is the remainder when 537 is divided by 68?
61
What is the remainder when 719 is divided by 7?
5
Calculate the remainder when 27 is divided by 6.
3
Calculate the remainder when 600 is divided by 89.
66
Calculate the remainder when 1188 is divided by 69.
15
What is the remainder when 41 is divided by 7?
6
What is the remainder when 4846 is divided by 37?
36
What is the remainder when 58 is divided by 14?
2
What is the remainder when 10650 is divided by 96?
90
Calculate the remainder when 26227 is divided by 166.
165
What is the remainder when 393 is divided by 250?
143
What is the remainder when 64 is divided by 11?
9
Calculate the remainder when 241 is divided by 117.
7
Calculate the remainder when 931 is divided by 156.
151
What is the remainder when 153 is divided by 60?
33
Calculate the remainder when 145 is divided by 19.
12
What is the remainder when 1964 is divided by 48?
44
Calculate the remainder when 3597 is divided by 18.
15
Calculate the remainder when 1519 is divided by 38.
37
What is the remainder when 110 is divided by 110?
0
Calculate the remainder when 12588 is divided by 9.
6
Calculate the remainder when 606 is divided by 36.
30
What is the remainder when 66 is divided by 15?
6
What is the remainder when 560 is divided by 329?
231
What is the remainder when 468 is divided by 45?
18
Calculate the remainder when 104 is divided by 28.
20
Calculate the remainder when 1407 is divided by 96.
63
What is the remainder when 2763 is divided by 79?
77
What is the remainder when 1797 is divided by 31?
30
What is the remainder when 3046 is divided by 69?
10
What is the remainder when 252 is divided by 23?
22
Calculate the remainder when 60 is divided by 20.
0
What is the remainder when 1783 is divided by 28?
19
What is the remainder when 416 is divided by 56?
24
Calculate the remainder when 260 is divided by 88.
84
Calculate the remainder when 1051 is divided by 39.
37
Calculate the remainder when 1898 is divided by 119.
113
What is the remainder when 3394 is divided by 3385?
9
What is the remainder when 39 is divided by 24?
15
Calculate the remainder when 788 is divided by 321.
146
What is the remainder when 14829 is divided by 16?
13
What is the remainder when 100 is divided by 17?
15
What is the remainder when 4131 is divided by 39?
36
What is the remainder when 165 is divided by 75?
15
Calculate the remainder when 322 is divided by 18.
16
Calculate the remainder when 5738 is divided by 41.
39
What is the remainder when 1107 is divided by 503?
101
What is the remainder when 131 is divided by 22?
21
What is the remainder when 493 is divided by 162?
7
What is the remainder when 789 is divided by 22?
19
Calculate the remainder when 1263 is divided by 182.
171
Calculate the remainder when 260 is divided by 61.
16
Calculate the remainder when 332 is divided by 16.
12
Calculate the remainder when 239 is divided by 24.
23
Calculate the remainder when 107 is divided by 25.
7
Calculate the remainder when 494 is divided by 11.
10
What is the remainder when 46 is divided by 5?
1
What is the remainder when 625 is divided by 21?
16
Calculate the remainder when 160 is divided by 18.
16
Calculate the remainder when 98 is divided by 2.
0
What is the remainder when 1614 is divided by 95?
94
Calculate the remainder when 305 is divided by 47.
23
Calculate the remainder when 1164 is divided by 170.
144
Calculate the remainder when 59 is divided by 30.
29
What is the remainder when 765 is divided by 32?
29
What is the remainder when 230 is divided by 157?
73
What is the remainder when 1798 is divided by 90?
88
What is the remainder when 148 is divided by 24?
4
Calculate the remainder when 214 is divided by 29.
11
What is the remainder when 8 is divided by 3?
2
Calculate the remainder when 503 is divided by 2.
1
What is the remainder when 244 is divided by 126?
118
What is the remainder when 138 is divided by 71?
67
Calculate the remainder when 356 is divided by 207.
149
What is the remainder when 392 is divided by 139?
114
Calculate the remainder when 1487 is divided by 299.
291
Calculate the remainder when 851 is divided by 189.
95
Calculate the remainder when 937 is divided by 155.
7
What is the remainder when 33 is divided by 7?
5
Calculate the remainder when 251 is divided by 6.
5
Calculate the remainder when 3233 is divided by 66.
65
Calculate the remainder when 39 is divided by 20.
19
Calculate the remainder when 189 is divided by 93.
3
What is the remainder when 1108 is divided by 345?
73
Calculate the remainder when 402 is divided by 6.
0
What is the remainder when 43 is divided by 32?
11
Calculate the remainder when 392 is divided by 181.
30
Calculate the remainder when 1952 is divided by 640.
32
What is the remainder when 6136 is divided by 44?
20
Calculate the r